f 1 + 0 + 1 + -2 + -3?
-3
(-51 - -46) + (-1 - 0) + 8
2
What is the value of 6 + (13 - 3) + -13?
3
-5 - (5 - 3 - (4 + 0))
-3
Evaluate 0 - (7 - 3) - 1.
-5
12 - 20 - (1 + -1)
-8
What is 2 + -2 + -5 - -10?
5
What is the value of (-11 - -5 - -9) + -5?
-2
What is the value of (-4 - -3) + (-1 - -2)?
0
What is the value of 4 - 1 - (10 + -4) - -1?
-2
What is 14 + (-8 + -1 - 3)?
2
(-9 - (-7 + -5)) + -3
0
Evaluate 4 - (0 - (-11 - -1)).
-6
What is 5 - (1 + -5 + (1 - -5))?
3
Calculate 8 + -5 + 7 + -6.
4
What is the value of (4 - -1) + -14 + 9?
0
Calculate (1 + -5 - -6) + -3 + 1.
0
-11 + (5 - 7) + 5
-8
Calculate (102 - 107) + -1 + -1.
-7
What is the value of -5 - ((1 - 7) + 4) - 0?
-3
What is -14 + 21 + (-2 - (1 - 1))?
5
Evaluate 1 + 14 + -8 - 14.
-7
Evaluate -2 - ((-2 - -5) + 0).
-5
Calculate -9 + (1 + 5 + 0 - 4).
-7
What is -5 - (-4 - (-6 + 5))?
-2
What is (2 - 0 - 5) + (3 - 0)?
0
(2 - 9) + 73 + -68
-2
Calculate 0 + -2 + 1 + -2 + 3.
0
What is -1 + 2 + -5 + -1?
-5
Evaluate 13 + (13 - 19 - 11).
-4
What is the value of -14 + 10 - (0 + 3)?
-7
Calculate (4 - -7) + -10 - 1.
0
Calculate 1 - (-1 - ((0 - 4) + 7)).
5
Calculate 2 - (-4 - (-10 + 2)).
-2
What is the value of (8 + -9 - -10) + -4?
5
Evaluate (0 - 0) + -7 - (-96 - -97).
-8
What is the value of -7 + (10 - (22 + -13))?
-6
Evaluate (1 - -1) + (1 - 2).
1
What is the value of 3 + -1 + -8 + 1?
-5
What is -2 + (-7 - -2) - (-8 - -5)?
-4
Evaluate 1 + -1 + (-16 - -11).
-5
Calculate -12 - (-16 + 8 - (6 + -11)).
-9
What is the value of 2 - (-4 + 3) - 3?
0
Evaluate -3 + (1 - -1) + -7 + 10.
2
(-3 - (-16 - -3)) + (-5 - -1)
6
0 + (5 - 6) + -4 + 3
-2
What is the value of 0 + -2 + 12 + -1?
9
What is 6 - (2 + 3) - (-7 + 1)?
7
What is the value of 2 + (4 - (5 - 4))?
5
Calculate (1 - -1) + (5 + -5 - 1).
1
What is 0 + 1 + 2 - (-12 + 13)?
2
-18 + 12 + 7 + -8
-7
-3 - ((14 - 5) + -16)
4
-4 - 0 - (-16 + 12)
0
Calculate 2 - ((0 - 3) + 0 + 10).
-5
What is 15 - 7 - 2 - 5?
1
0 + 2 + -2 - 3
-3
3 + -9 + 6 - (6 + -2)
-4
What is the value of 3 - -4 - (1 + 2)?
4
Calculate 14 - (12 + -2 + -3).
7
Calculate (-2 - (7 - 11)) + 1 + 2.
5
What is 5 + (4 - 10 - -4)?
3
What is -9 + 9 + (1 - 2)?
-1
What is the value of -15 - (3 - (-4 - (-16 - -2)))?
-8
What is -3 + -1 + (20 - 18) + -5?
-7
What is 27 + -15 + (1 - 20)?
-7
Evaluate 1 - (-2 + 2 - (-4 + 4)).
1
-2 - (-13 - (-5 - -4))
10
Calculate (1 - 2) + 1 - (-2 + -2).
4
Evaluate 0 + (11 + -3 - 5).
3
What is (8 + -26 - -17) + 1 + 7?
7
-5 - (6 + -1 + (0 - 1))
-9
(9 - 6 - 2) + -2
-1
Evaluate (1 - 6) + 27 + -8 + -9.
5
What is the value of 0 + -2 + 12 + -8 + -3?
-1
What is the value of 2 + 3 + 1 + -2 - 1?
3
What is (0 - (-2 - (6 + -5))) + -2?
1
Calculate -4 - -6 - (1 - -1).
0
Evaluate -3 + 6 + 1 - (-2 - -11).
-5
What is the value of 9 + -11 + -3 + 3?
-2
(5 - (4 - 1)) + 2
4
What is the value of -5 + (-10 - -6) - -10?
1
Calculate -3 - (0 - 2 - -1).
-2
-4 + (4 - 4) - (-17 - -9)
4
What is -3 - (2 + -3 - (-2 + 3))?
-1
What is the value of -1 + 5 + 0 - 4?
0
What is -7 + 15 + -22 + 11?
-3
Calculate -5 + 2 - -2 - -6.
5
What is -1 + -5 + (5 - 2)?
-3
Calculate (-18 - -12) + (2 - -5 - -2).
3
What is the value of 0 + (5 - (0 + 1))?
4
Calculate -1 - -2 - ((-8 - -17) + -10).
2
-8 + 19 + -5 + -1 + -1
4
Calculate 4 + (-7 - 1 - (-54 - -50)).
0
Evaluate (1 - -1) + -7 + 6 + -1.
0
Calculate (-3 - -8 - 5) + (-3 - -1).
-2
(1 - -4) + (-4 - (-5 + 0))
6
Evaluate 2 + -5 + (-7 - -6).
-4
What is 7 - (14 - (-5 + 5 + -2))?
-9
3 + -2 + -1 + -3 + 2
-1
What is the value of -1 + 0 + 7 + -2?
4
Evaluate 2 - (-3 - ((-5 - -4) + -7)).
-3
What is the value of (-4 - (-9 - -3)) + 0?
2
Calculate 0 - (-5 - -1) - 6.
-2
What is 2 + 3 + -4 - 1?
0
Evaluate (2 - (-1 - 0)) + (6 - 4).
5
-2 + -1 - (-9 + 9) - -9
6
Calculate -2 - -5 - (7 + 0).
-4
Calculate -7 - (-21 - -7) - (0 + 4).
3
What is the value of 6 + -12 - (-13 + 5)?
2
Calculate -9 + 1 - (54 + -59).
-3
What is (2 - 2) + -2 + (0 - -2)?
0
Calculate -7 + 10 + -7 + 3 + 1.
0
Calculate 1 + 10 + 50 + -64.
-3
What is -1 + (0 - (2 - (1 - -1)))?
-1
What is the value of 1 + -3 + 2 + -3 + 0?
-3
What is 6 - (5 - (5 + (1 - 0)))?
7
What is -4 + 0 - (-4 - 2 - -1)?
1
5 - ((2 - 1) + -2 + 3)
3
What is the value of 6 + (-3 - 14) - -6?
-5
What is the value of -7 + -7 + 20 + -5?
1
19 + -18 - (3 - (1 - 0))
-1
Calculate 2 - 1 - (-9 + 4 + 9).
-3
-3 + (7 - 2) - -3
5
What is 0 - 1 - (22 + -16)?
-7
Calculate -1 + 0 - (5 + -3).
-3
What is 11 + -16 + 12 + -4?
3
What is the value of (-5 - (-2 + -2)) + -2 - -3?
0
Evaluate -6 - ((-4 + 5 - 9) + 1).
1
What is 8 - (-6 - (-22 + 1))?
-7
What is the value of 5 - (7 + 7) - -4?
-5
(-2 - (3 + 0)) + 1
-4
Evaluate -3 - (-14 - -12 - (-3 - -1)).
-3
3 + -6 + -5 + (-3 - -7)
-4
What is (-3 - -6 - 8) + 8?
3
(-23 - -10) + 2 + 19
8
Calculate 1 - -2 - (12 + -12).
3
What is 0 - (-4 + 6 + -3)?
1
(3 - -4) + (-15 - -8)
0
Evaluate 10 + -8 - (4 - 2).
0
Calculate -3 + 4 + 4 + -6 + 4.
3
Calculate -2 + 2 + -3 - -5.
2
Evaluate 2 - (-1 - -1) - (0 + -1).
3
What is the value of 5 + (-1 - (1 + 3 + 1))?
-1
What is 2 - -11 - (3 + 6)?
4
What is the value of 8 + -5 - (-9 - -14)?
-2
Calculate (-7 - (-4 + 1) - -1) + -2.
-5
What is the value of 1 - (2 - (1 - 2))?
-2
What is -5 + 5 + 3 + (0 - 1)?
2
6 - (-4 - -9) - -2
3
Evaluate 1 + 14 + (-120 - -114).
9
Evaluate -1 + 0 + (-12 - -8) + 10.
5
What is the value of (2 + -1 - -3 - 4) + -4?
-4
-2 - (3 + -7 + 4)
-2
2 - ((5 - 5 - -1) + 2)
-1
What is the value of 0 + 2 + (-3 - (-5 + 5))?
-1
Evaluate 1 - (3 + -5 - -5).
-2
Calculate (2 + -7 - -2) + 3.
0
What is the value of 3 + (6 - (3 - (2 + -6)))?
2
10 + -4 + (-8 - (-11 - -5))
4
What is the value of -3 - (-2 - -7) - -11?
3
Evaluate 6 + (-12 - -2) - 6.
-10
(-9 - -9) + -1 + 3 + 4
6
What is -4 - (-10 + 5 + -1)?
2
What is 5 + (-46 + 45 - (-2 + 1))?
5
-47 + 59 - (4 + 4)
4
What is 0 + -1 + 6 - 1?
4
Calculate 9 + 5 + (-5 - 5).
4
What is the value of (-2 - -1) + (9 - 6)?
2
-3 + (2 - 0) - 3
-4
Calculate 1 + -4 + (1 - (-1 - -1)).
-2
What is the value of (-12 - (-28 + 11)) + -14 + 2?
-7
Calculate (0 + 0 - 1) + -31 + 36.
4
Calculate -5 - (0 + 4 + 8 + -13).
-4
What is 3 - (4 - -4) - -6?
1
(-5 - -8 - 1 - -1) + -5
-2
Evaluate -2 + ((-6 - -9) + 1 - 8).
-6
Evaluate 22 + -19 - (3 - -2).
-2
What is 3 + (-3 - -2) - -2 - 7?
-3
0 + 0 + (17 - 9 - 7)
1
What is the value of 9 - (-5 + 8 + 4)?
2
(6 - (3 - -1)) + (-1 - -4)
5
2 + -4 + 8 + -2
4
Calculate 20 + -6 - 10 - (-1 - 1).
6
Evaluate 26 - 34 - (3 - 2).
-9
What is the value of -2 + 4 + (7 - (14 + -1))?
-4
Evaluate 12 - 7 - 8 - -8.
5
Evaluate -15 - (8 + -17) - -9.
3
Calculate 4 - (-1 - ((-4 - 1) + 3)).
3
Calculate -5 + 3 - -1 - -1.
0
What is the value of 10 - (18 + -2 - 8)?
2
Evaluate -6 + -3 - -8 - -5.
4
Evaluate -11 + 8 + (7 - -1).
5
-1 + (4 - (2 - -6) - -1)
-4
(-1 - -5) + (8 - 11)
1
Calculate -22 + 17 - (4 + -2 + -7).
0
Calculate 172 - 161 - (5 + -2 + 4).
4
Evaluate (3 - (3 + 5)) + 8 - 5.
-2
Evaluate (10 - 4) + (-16 - -8).
-2
Evaluate -2 - (10 - 20) - (2 - -2).
4
Evaluate -1 - ((-16 - -4) + 8 - 3).
6
2 - (3 + -2 + 4 + -3)
0
Calculate (10 - 5) + (-4 - 0) + 4.
5
What is the value of 1 - (-10 + 5) - 4?
2
Evaluate 2 - ((-2 - 0 - 0) + 0).
4
What is (4 - 9 - -2) + 8 + 0?
5
Evaluate -4 + 11 + -8 + (-3 - 0).
-4
What is the value of (-3 - 3) + 9 - -2?
5
Calculate 14 + -7 + -2 + 2 - 14.
-7
What is -2 + 11 - 3 - (-4 - -9)?
1
Calculate (-13 - -12) + (-4 - -2) + 2.
-1
Evaluate -1 + (5 - (-1 + 0)).
5
2 + 0 + 3 + -6
-1
Evaluate (2 - 3) + 1 - 2 - -2.
0
Evaluate -1 + -1 + (-2 - (-7 - -6)).
-3
What is the value of (12 + -16 - -6) + 0 + -11?
-9
Evaluate -2 - 3 - (-2 + 2 + 0).
-5
1 + 9 + -5 - 9
-4
What is the value of -7 + (10 + -4 - 3)?
-4
Evaluate 4 + 7 + 6 + 6 + -13.
10
Calculate (-9 - (7 + -11)) + 8.
3
Calculate -19 + (2 - -6) - -11.
0
What is (1 - 7 - -9) + 0?
3
What is 3 - ((10 - 2) + -4)?
-1
1 + (0 - -7) + (3 - 6)
5
What is the value of 0 + -2 - -3 - (1 + 0)?
0
What is -21 + 19 + (2 - (0 - -1))?
-1
What is the value of (20 + -8 - 6) + -1?
5
What is 6 + (-7 + 5 - (1 - 2))?
5
Calculate -12 + 9 + -2 + 1.
-4
Evaluate 6 + (3 - 8) + 6.
7
Calculate 3 + (3 - (-2 + 3 - -3)).
2
Evaluate 0 + (-1 + -4 - (17 - 21)).
-1
Calculate 2 + 6 + -4 - (0 + 0).
4
What is the value of -11 - ((-4 - -10 - 1) + -8)?
-8
What is the value of 5 + -5 + 4 + -4?
0
What is -2 - -7 - (3 + 2)?
0
Calculate 3 - (-4 - -2) - (-33 - -41).
-3
(-11 - -1 - -5